{"id":307,"date":"2023-04-04T16:58:03","date_gmt":"2023-04-04T16:58:03","guid":{"rendered":"https:\/\/filosofiacienciacabala.com\/?page_id=307"},"modified":"2023-05-22T15:18:43","modified_gmt":"2023-05-22T15:18:43","slug":"pruebas","status":"publish","type":"page","link":"https:\/\/filosofiacienciacabala.com\/index.php\/pruebas\/","title":{"rendered":"\u00bfQuienes somos?"},"content":{"rendered":"\n<p>En nuestro sitio web, nos apasiona explorar los intrincados v\u00ednculos entre la Filosof\u00eda, la Ciencia y la C\u00e1bala. Somos un equipo de investigadores, fil\u00f3sofos, cient\u00edficos y estudiosos comprometidos en compartir conocimientos y promover el di\u00e1logo interdisciplinario.<\/p>\n\n\n\n<p>Nuestro objetivo es proporcionar un espacio en l\u00ednea donde las mentes curiosas puedan profundizar en los misterios del universo y la existencia humana. A trav\u00e9s de art\u00edculos, ensayos y recursos cuidadosamente seleccionados, buscamos ofrecer una perspectiva \u00fanica que abarca tanto los pilares del pensamiento filos\u00f3fico como los \u00faltimos avances cient\u00edficos, todo ello enriquecido por los conocimientos de la antigua sabidur\u00eda de la C\u00e1bala.<\/p>\n\n\n\n<p>Creemos en la importancia de integrar diferentes disciplinas para obtener una comprensi\u00f3n m\u00e1s completa del mundo que nos rodea. A trav\u00e9s de nuestro trabajo, nos esforzamos por fomentar la reflexi\u00f3n cr\u00edtica y el pensamiento creativo, y esperamos inspirar a nuestros visitantes a cuestionar, investigar y buscar un mayor significado en sus propias vidas.<\/p>\n\n\n\n<p>Nos complace tener una comunidad diversa y vibrante de apasionados seguidores, y animamos a todos a unirse a nosotros en este viaje intelectual. Explora nuestro sitio web, participa en debates y comparte tus ideas. Juntos, podemos profundizar en los enigmas de la existencia y expandir los l\u00edmites de nuestro conocimiento.<\/p>\n","protected":false},"excerpt":{"rendered":"<p>En nuestro sitio web, nos apasiona explorar los intrincados v\u00ednculos entre la Filosof\u00eda, la Ciencia&#8230;<\/p>\n","protected":false},"author":1,"featured_media":0,"parent":0,"menu_order":0,"comment_status":"closed","ping_status":"closed","template":"","meta":[],"yoast_head":"<!-- This site is optimized with the Yoast SEO Premium plugin v20.5 (Yoast SEO v20.5) - https:\/\/yoast.com\/wordpress\/plugins\/seo\/ -->\n<title>\u00bfQuienes somos? -<\/title>\n<meta name=\"description\" content=\"Sum\u00e9rgete en el fascinante mundo de la Filosof\u00eda, Ciencia y C\u00e1bala mientras exploramos los misterios de la existencia y la sabidur\u00eda ancestral\" \/>\n<meta name=\"robots\" content=\"index, follow, max-snippet:-1, max-image-preview:large, max-video-preview:-1\" \/>\n<link rel=\"canonical\" href=\"https:\/\/filosofiacienciacabala.com\/index.php\/pruebas\/\" \/>\n<meta property=\"og:locale\" content=\"es_ES\" \/>\n<meta property=\"og:type\" content=\"article\" \/>\n<meta property=\"og:title\" content=\"\u00bfQuienes somos?\" \/>\n<meta property=\"og:description\" content=\"Sum\u00e9rgete en el fascinante mundo de la Filosof\u00eda, Ciencia y C\u00e1bala mientras exploramos los misterios de la existencia y la sabidur\u00eda ancestral\" \/>\n<meta property=\"og:url\" content=\"https:\/\/filosofiacienciacabala.com\/index.php\/pruebas\/\" \/>\n<meta property=\"article:modified_time\" content=\"2023-05-22T15:18:43+00:00\" \/>\n<meta name=\"twitter:card\" content=\"summary_large_image\" \/>\n<meta name=\"twitter:label1\" content=\"Tiempo de lectura\" \/>\n\t<meta name=\"twitter:data1\" content=\"1 minuto\" \/>\n<script type=\"application\/ld+json\" class=\"yoast-schema-graph\">{\"@context\":\"https:\/\/schema.org\",\"@graph\":[{\"@type\":\"WebPage\",\"@id\":\"https:\/\/filosofiacienciacabala.com\/index.php\/pruebas\/\",\"url\":\"https:\/\/filosofiacienciacabala.com\/index.php\/pruebas\/\",\"name\":\"\u00bfQuienes somos? -\",\"isPartOf\":{\"@id\":\"https:\/\/filosofiacienciacabala.com\/#website\"},\"datePublished\":\"2023-04-04T16:58:03+00:00\",\"dateModified\":\"2023-05-22T15:18:43+00:00\",\"description\":\"Sum\u00e9rgete en el fascinante mundo de la Filosof\u00eda, Ciencia y C\u00e1bala mientras exploramos los misterios de la existencia y la sabidur\u00eda ancestral\",\"breadcrumb\":{\"@id\":\"https:\/\/filosofiacienciacabala.com\/index.php\/pruebas\/#breadcrumb\"},\"inLanguage\":\"es\",\"potentialAction\":[{\"@type\":\"ReadAction\",\"target\":[\"https:\/\/filosofiacienciacabala.com\/index.php\/pruebas\/\"]}]},{\"@type\":\"BreadcrumbList\",\"@id\":\"https:\/\/filosofiacienciacabala.com\/index.php\/pruebas\/#breadcrumb\",\"itemListElement\":[{\"@type\":\"ListItem\",\"position\":1,\"name\":\"Portada\",\"item\":\"https:\/\/filosofiacienciacabala.com\/\"},{\"@type\":\"ListItem\",\"position\":2,\"name\":\"\u00bfQuienes somos?\"}]},{\"@type\":\"WebSite\",\"@id\":\"https:\/\/filosofiacienciacabala.com\/#website\",\"url\":\"https:\/\/filosofiacienciacabala.com\/\",\"name\":\"\",\"description\":\"\",\"potentialAction\":[{\"@type\":\"SearchAction\",\"target\":{\"@type\":\"EntryPoint\",\"urlTemplate\":\"https:\/\/filosofiacienciacabala.com\/?s={search_term_string}\"},\"query-input\":\"required name=search_term_string\"}],\"inLanguage\":\"es\"}]}<\/script>\n<!-- \/ Yoast SEO Premium plugin. -->","yoast_head_json":{"title":"\u00bfQuienes somos? -","description":"Sum\u00e9rgete en el fascinante mundo de la Filosof\u00eda, Ciencia y C\u00e1bala mientras exploramos los misterios de la existencia y la sabidur\u00eda ancestral","robots":{"index":"index","follow":"follow","max-snippet":"max-snippet:-1","max-image-preview":"max-image-preview:large","max-video-preview":"max-video-preview:-1"},"canonical":"https:\/\/filosofiacienciacabala.com\/index.php\/pruebas\/","og_locale":"es_ES","og_type":"article","og_title":"\u00bfQuienes somos?","og_description":"Sum\u00e9rgete en el fascinante mundo de la Filosof\u00eda, Ciencia y C\u00e1bala mientras exploramos los misterios de la existencia y la sabidur\u00eda ancestral","og_url":"https:\/\/filosofiacienciacabala.com\/index.php\/pruebas\/","article_modified_time":"2023-05-22T15:18:43+00:00","twitter_card":"summary_large_image","twitter_misc":{"Tiempo de lectura":"1 minuto"},"schema":{"@context":"https:\/\/schema.org","@graph":[{"@type":"WebPage","@id":"https:\/\/filosofiacienciacabala.com\/index.php\/pruebas\/","url":"https:\/\/filosofiacienciacabala.com\/index.php\/pruebas\/","name":"\u00bfQuienes somos? -","isPartOf":{"@id":"https:\/\/filosofiacienciacabala.com\/#website"},"datePublished":"2023-04-04T16:58:03+00:00","dateModified":"2023-05-22T15:18:43+00:00","description":"Sum\u00e9rgete en el fascinante mundo de la Filosof\u00eda, Ciencia y C\u00e1bala mientras exploramos los misterios de la existencia y la sabidur\u00eda ancestral","breadcrumb":{"@id":"https:\/\/filosofiacienciacabala.com\/index.php\/pruebas\/#breadcrumb"},"inLanguage":"es","potentialAction":[{"@type":"ReadAction","target":["https:\/\/filosofiacienciacabala.com\/index.php\/pruebas\/"]}]},{"@type":"BreadcrumbList","@id":"https:\/\/filosofiacienciacabala.com\/index.php\/pruebas\/#breadcrumb","itemListElement":[{"@type":"ListItem","position":1,"name":"Portada","item":"https:\/\/filosofiacienciacabala.com\/"},{"@type":"ListItem","position":2,"name":"\u00bfQuienes somos?"}]},{"@type":"WebSite","@id":"https:\/\/filosofiacienciacabala.com\/#website","url":"https:\/\/filosofiacienciacabala.com\/","name":"","description":"","potentialAction":[{"@type":"SearchAction","target":{"@type":"EntryPoint","urlTemplate":"https:\/\/filosofiacienciacabala.com\/?s={search_term_string}"},"query-input":"required name=search_term_string"}],"inLanguage":"es"}]}},"_links":{"self":[{"href":"https:\/\/filosofiacienciacabala.com\/index.php\/wp-json\/wp\/v2\/pages\/307"}],"collection":[{"href":"https:\/\/filosofiacienciacabala.com\/index.php\/wp-json\/wp\/v2\/pages"}],"about":[{"href":"https:\/\/filosofiacienciacabala.com\/index.php\/wp-json\/wp\/v2\/types\/page"}],"author":[{"embeddable":true,"href":"https:\/\/filosofiacienciacabala.com\/index.php\/wp-json\/wp\/v2\/users\/1"}],"replies":[{"embeddable":true,"href":"https:\/\/filosofiacienciacabala.com\/index.php\/wp-json\/wp\/v2\/comments?post=307"}],"version-history":[{"count":2,"href":"https:\/\/filosofiacienciacabala.com\/index.php\/wp-json\/wp\/v2\/pages\/307\/revisions"}],"predecessor-version":[{"id":555,"href":"https:\/\/filosofiacienciacabala.com\/index.php\/wp-json\/wp\/v2\/pages\/307\/revisions\/555"}],"wp:attachment":[{"href":"https:\/\/filosofiacienciacabala.com\/index.php\/wp-json\/wp\/v2\/media?parent=307"}],"curies":[{"name":"wp","href":"https:\/\/api.w.org\/{rel}","templated":true}]}}